ctor of h and 47?
47
Suppose x - 4*y - 17 + 3 = 0, -20 = -4*x + 4*y. Let u be x + 1 - (12 + -13). Suppose 0 = -i + 39 + 5. Calculate the highest common factor of i and u.
4
Let x be (-18)/(-3)*306250/147. Calculate the greatest common divisor of 50 and x.
50
Suppose -67*d - 118 = -68*d + m, -5*m - 245 = -2*d. Calculate the greatest common factor of 10 and d.
5
Suppose 76*n - 140814 = 25094. Calculate the highest common divisor of 59 and n.
59
Let z(n) = -n. Let b(w) = 81*w**2 - w + 2. Let a = -36 - -37. Let u(j) = a*b(j) - 3*z(j). Let h be u(-1). Calculate the highest common factor of h and 9.
9
Suppose 7*y - 2*y - 135 = 0. Suppose 8*z + 1 = 25. Suppose o - 3*o - 2*a + 26 = 0, -5*o = z*a - 75. Calculate the highest common factor of y and o.
9
Suppose 0 = 220*c - 69032 - 51968. Calculate the greatest common divisor of c and 154.
22
Let u = -142 + 201. Let r = -47 + u. Suppose -5*m + 3*f = -29, -4*m - 5*f = -2*m + 7. What is the greatest common divisor of m and r?
4
Let y(x) = -12*x**2 - 655*x + 320. Let f be y(-55). Let m = 144 - -216. Calculate the greatest common divisor of f and m.
45
Let a = 1363 + -151. What is the greatest common factor of 12 and a?
12
Let l = 79 + -452. Let i = -245 - l. Calculate the greatest common divisor of i and 8.
8
Suppose 3*d - 299 = -191. What is the greatest common factor of 414 and d?
18
Let d = -115 + -15. Let h = -46 - d. What is the greatest common factor of h and 147?
21
Let c = 10574 + -6885. What is the greatest common divisor of 357 and c?
119
Let f be ((-40)/28)/((-85)/238). Let m = -1 - 0. Let d be 0 - 126/(-8) - m/f. What is the greatest common factor of 16 and d?
16
Let l be -1*((-6)/(-10) + 26/(-10)). Let i be 170*(0 + 1/l). What is the greatest common divisor of i and 119?
17
Suppose 10 = -4*h - 2*j, -19*j - 9 = -2*h - 18*j. Let n = 43 - 26. What is the highest common factor of h and n?
1
Suppose -49*z + 53929 = 21295. Calculate the greatest common factor of 148 and z.
74
Let p be (10/3 + -2)/(8/48). Let j = -3 + 6. Suppose j*k = -15 + 159. What is the greatest common divisor of p and k?
8
Suppose 3*h + 5 - 17 = 0. Suppose -50 = -15*n + 5*n. Suppose -249 = -h*u + 3*v, -2*v = 2*u - n*u + 187. What is the greatest common divisor of 7 and u?
7
Let a be 3/(-21) - (-156)/(-18)*156/(-56). Calculate the greatest common factor of a and 768.
24
Suppose 25*l = 15*l - 40. Let y be (-2924)/(-68) - (-2)/l*6. What is the greatest common divisor of 25 and y?
5
Suppose 32*l - 15342 - 34890 = 6*l. What is the highest common factor of 84 and l?
84
Suppose 617 = -6*d + 881. Calculate the highest common divisor of d and 4532.
44
Let z be (1 - (-82)/6)*(-9)/(-1). Let m = z - 189. Let s = 98 + m. Calculate the greatest common divisor of s and 164.
41
Let b = -48 - -29. Let h = b - -47. Let s be (15/45)/((-4)/(-48)). Calculate the highest common factor of s and h.
4
Let q(o) = 239*o**3 - 5*o**2 + 10*o - 49. Let t be q(4). Calculate the greatest common divisor of t and 111.
111
Suppose 5*b + 14*b = -109*b + 3328. Suppose -15 + 80 = 5*z. What is the highest common factor of z and b?
13
Let g(t) = -t + 9. Let a be g(9). Suppose m - 2*i - 46 = a, -5*m + i - 3*i = -194. What is the greatest common factor of 140 and m?
20
Suppose 4*r + 547 = 4139. Suppose -5*h + 20 = 0, -l + r = 5*h + 163. What is the greatest common divisor of l and 13?
13
Let z = 22061 - 21947. Calculate the highest common divisor of 7144 and z.
38
Let k = -35 - -59. Suppose 2 - k = 2*o. Let y(h) = -h**3 - 11*h**2 - 3*h + 6. Let p be y(o). Calculate the highest common divisor of p and 3.
3
Suppose -33*s + 784 = -25*s. Suppose 3*r = 4*p + p + 63, -2*p - s = -4*r. What is the highest common divisor of r and 117?
13
Let d = -93 - -137. Suppose 4*q - 719 + 183 = 0. Let r be (-70)/105 + q/3. Calculate the highest common divisor of d and r.
44
Let b be 7/21*-1*9. Let t be 648/(-4)*2/b. Let z be 18 + 44/(-7) + 3/(441/42). What is the highest common divisor of z and t?
12
Let f = -106 - -132. Suppose 3*g - 1168 + 154 = 0. What is the greatest common divisor of g and f?
26
Let h be (-3 + -849 - 3)/(415/(-50) + 8). Calculate the greatest common factor of h and 20.
10
Let h be (-402)/(-8) - 915/(-1220). Calculate the highest common divisor of h and 697.
17
Let y(r) = -7*r**3 - 2*r**2 - 4*r - 2. Let t be y(-1). Suppose -4*d = -9*b + t*b - 328, 3*d - 246 = 2*b. What is the greatest common factor of d and 820?
82
Let y(h) = -h**2 + 4*h + 7. Let f be y(5). Suppose 2*l - 26 = -f*c, -3*c + 19 = 2*l - 9. What is the highest common factor of 264 and l?
11
Let b = -7 + 30. Suppose 4*u - 558 = -5*c - 533, 0 = -3*u + 15. What is the highest common divisor of c and b?
1
Let h be 4557 + 1 + (-64 - -64). What is the highest common factor of h and 212?
106
Let h = 482 + -235. What is the greatest common divisor of h and 76?
19
Let h(q) = 102*q + 25. Let p(f) = 97*f + 25. Let x(g) = -7*h(g) + 6*p(g). Let v be x(-3). What is the highest common divisor of v and 14?
7
Suppose 8*i = 4*i + 84. Suppose 5*a = -c + 1705, -6*a - 5*c = -8*a + 709. Let z be a/2 + (0 - 3). Calculate the greatest common factor of i and z.
21
Suppose 14*l = 11*l + 5*c - 19, -5*l - 5*c = -35. Let b be l/2 + 18 + 5/(-1). Calculate the greatest common divisor of b and 98.
14
Let t(b) = -21*b - 61. Let l be t(-3). Suppose -4*d - y - 39 = -386, 171 = l*d + y. What is the greatest common divisor of d and 132?
44
Let n be 2484/24 + 4 - (-1)/(-2). Let i = n + 710. What is the greatest common divisor of 19 and i?
19
Let w be 31 - (6 + (-12)/6). Suppose 0*d - 3*d = -108. What is the greatest common factor of w and d?
9
Suppose 0 = -35*d + 129 + 711. Calculate the highest common factor of 9060 and d.
12
Let j = 15579 + -10998. What is the greatest common factor of 9 and j?
9
Let d(z) = -4*z**2 + 78*z - 28. Let u be d(19). Let r = -1 + 4. Let s = -1 + r. Calculate the highest common divisor of u and s.
2
Let g = 91 - 68. Suppose -2*h + g = -17. What is the highest common divisor of 500 and h?
20
Suppose 2*c + 32 = -0*x + 4*x, 3*c - x + 38 = 0. Let u be 1322/15 + c/90. Suppose 6*h = 5*h + 11. What is the highest common factor of u and h?
11
Let z = -16492 - -17043. What is the highest common divisor of 494 and z?
19
Let s = -311 - -476. Let u(m) = 4*m**2 + 8*m - 5. Let z be u(3). Calculate the highest common factor of s and z.
55
Suppose -709 - 116 = 15*u. Let v be u/15 - (-1)/(-3) - -72. Calculate the highest common factor of v and 748.
68
Suppose 3*j + 257 = k, 0 = 5*k + 2*j + 515 - 1749. Suppose -2*p = -4*p + k. Let c = 34 + -3. Calculate the greatest common divisor of c and p.
31
Let i be 1704*((3/(-9))/(12 - 13))/1. Calculate the greatest common factor of 4118 and i.
142
Let i = 45995 + -40049. Calculate the highest common factor of i and 30.
6
Let u = 6363 - 6286. Calculate the highest common divisor of u and 176.
11
Suppose 5*t + 2*w - 3971 = 0, -67*t + 64*t + 2376 = -w. What is the greatest common factor of 13 and t?
13
Suppose 297*w - 371224 = 526904. What is the highest common factor of 294 and w?
42
Suppose -19*u - 288 = -27*u. Suppose -8*y = -2*r - 5*y + u, 3*r - 5*y - 54 = 0. What is the greatest common factor of 60 and r?
6
Suppose 0 = -4*k + 5*x + 155, k + 5*x = -2*k + 90. Let s(m) = m**3 + 3*m**2 + 373*m + 14. Let n be s(0). What is the greatest common divisor of k and n?
7
Let d(j) = j**3 - 10*j**2 - 12*j + 13. Let p be d(11). Let r(o) = -15*o + 34. Let l be r(p). Suppose 12 = -n + 48. What is the highest common factor of n and l?
4
Let y = 247 + -104. Let b(g) = -38*g + 23. Let q(w) = 12*w - 8. Let j(l) = -3*b(l) - 8*q(l). Let d be j(1). Calculate the highest common factor of d and y.
13
Let x(y) = y**2 + 103*y + 264. Let r be x(48). Calculate the highest common factor of r and 24.
24
Suppose 0 = -12*i + 205 + 263. Let k(z) be the first derivative of -z**3/3 - 6*z**2 - 9*z + 1. Let b be k(-5). What is the greatest common factor of b and i?
13
Let r(j) = -2*j**3 - 4*j**2 - 25*j - 43. Let y be r(-3). Calculate the greatest common factor of 8125 and y.
25
Suppose -5*w + 55 + 72 = 2. What is the highest common divisor of 130 and w?
5
Suppose -7*w = -2*w - 40. Suppose 0 = -w*t + 7*t + 36. Calculate the highest common divisor of t and 108.
36
Suppose 5*y - 13*y + 3 = -7*y. Suppose -192 = -a - 3*a. What is the 